d derivative of -5*v**4/12 - 35*v**3/3 + 48*v**2. Let f be y(-18). What is the highest common factor of 66 and f?
22
Suppose -197*z = -5*j - 202*z + 90, -2*j + 4*z = -54. Let q(c) = 24*c. Let r be q(7). What is the greatest common factor of r and j?
21
Suppose -11760 - 14819 - 2476 = -15*u. Calculate the greatest common factor of 169 and u.
13
Suppose 3*m - 67 = 5*i, -12 = 2*i - m + 15. Suppose 0 = 4*p - 3*p. Let t be (-8 + 4 + p)/(4/i). What is the greatest common factor of 42 and t?
14
Suppose -2*j + 5*u - u - 4 = 0, 4*u = 3*j + 2. Let q be j/(8/36) - 4 - 2. Calculate the highest common divisor of q and 4.
1
Let q(j) = -j**2 + 94*j - 1740. Let l be q(68). Calculate the greatest common divisor of l and 12810.
14
Let b = -10 - -2. Let u = b - -11. Suppose 0 = -2*k - x + 5, 5*k - x - u = -1. What is the greatest common factor of 1 and k?
1
Let s be 10 + (-10 - -8) + -11 + 303. Calculate the greatest common factor of s and 1100.
100
Let x = -3361 + 3385. Calculate the greatest common factor of 40 and x.
8
Let x be ((-7)/3)/7*3. Let c be (x - 2)/((-2)/(152/(-6))). Let o = c + 45. What is the highest common divisor of 14 and o?
7
Suppose 2*y = 4*x + 292, -10*x + 11*x = -4*y + 521. What is the highest common factor of 4785 and y?
33
Suppose -2*p + 3 + 5 = q, 4*q + p = 18. Suppose -103 = -4*y + 3*b, -4*y - q*b + 63 = b. Calculate the highest common divisor of y and 55.
11
Let d(m) be the third derivative of 0*m + 24*m**2 - 37/6*m**3 - 1/4*m**4 + 0. Let q be d(-11). What is the highest common factor of 232 and q?
29
Suppose 2*c = -17351 + 18447. Calculate the highest common factor of 4 and c.
4
Let r(t) = -t**2 - 77*t + 1126. Let o be r(-87). What is the highest common divisor of 1392 and o?
16
Suppose -2*v - 142 = -2*w + 208, -2*w = 4*v - 380. What is the highest common divisor of 21 and w?
3
Let w(t) be the first derivative of 2*t**3/3 - 6*t**2 - 12*t + 7. Let r be w(-7). Let f be 4/(-14) - r/(-7). Calculate the greatest common factor of f and 30.
6
Let y be 343 - (-1 + 2/(-2)). Suppose 0 = -83*b - 79*b + 11178. What is the greatest common factor of y and b?
69
Suppose 0 = -35*r + 52087 + 33033. Calculate the greatest common divisor of r and 38.
38
Suppose -3*i - 5*z + 72 = -143, 3*i - 255 = 3*z. Let c(y) = -y**2 + 12*y. Let o be c(10). Calculate the highest common factor of i and o.
20
Suppose 7 + 7 = v. Suppose -2*w = -23*w + 36750. Let h = w + -1708. Calculate the highest common factor of h and v.
14
Suppose -3*y + 5*y + 2*b = 56, 0 = 2*y - 4*b - 44. Suppose -552 = -y*t + 46. Calculate the greatest common divisor of t and 115.
23
Let m = -884 - -607. Let k = m + 319. Calculate the greatest common divisor of k and 6.
6
Let j(t) = 8*t**2 - 242*t - 76. Let i be j(32). Calculate the highest common divisor of i and 992.
124
Suppose -5*j - 5*y + 80 = 0, y - 108 = -5*j - 0*y. Calculate the greatest common divisor of j and 4.
1
Suppose -4*j + 2*j = -2*c + 2, 4*j = -c - 29. Let h be 1 - 4*279/j. Let m be (-2 - 1*-8 - 3)*(-867)/(-153). Calculate the highest common divisor of h and m.
17
Let h = 26 - -19. Suppose 135 = -135*j + 138*j. Suppose -90 = 35*m - j*m. Calculate the highest common factor of m and h.
9
Suppose 1430 = -605*w + 307*w + 309*w. What is the greatest common factor of 24050 and w?
130
Let s(k) = -52*k + 12. Let q(b) = 51*b - 12. Let f(l) = 5*q(l) + 6*s(l). Let o be f(-5). What is the highest common divisor of o and 22?
11
Let i(d) = d**3 - 4*d**2 + 5*d - 6. Let q be i(4). Suppose 5425 = 1269*b - 1114*b. Calculate the greatest common divisor of b and q.
7
Suppose a + 174 = 4*p, -5*a + 215 + 40 = 5*p. What is the greatest common divisor of 153 and p?
9
Let b = -3445 - -3503. Calculate the highest common divisor of 290 and b.
58
Let n(l) = 6*l + 1. Let k be n(3). Suppose 0*a + 4*a = -3*r + k, 5*r + 5*a = 25. Let u = -7188 - -7195. Calculate the greatest common factor of u and r.
1
Suppose -2 = h - 18. Suppose 4*x - 70 = -3*x. Suppose 13*w - 8*w = x. What is the greatest common factor of w and h?
2
Suppose 4*p + 108963 + 14142 = 5*r, -2*r = 6*p - 49204. Calculate the greatest common factor of r and 239.
239
Suppose 33*r - 29*r - 5*x = 10785, r - 3*x - 2691 = 0. What is the greatest common divisor of 324 and r?
108
Let x(u) be the second derivative of u**3 + 17*u**2 + 3*u. Let g be x(-11). Let d be 1*g/(-3)*3. What is the greatest common factor of d and 16?
16
Let s be ((-264)/(-12) - 15) + (788 - 8)/10. Let w(d) = -5*d - 6. Let v = 7 - 15. Let z be w(v). What is the greatest common factor of z and s?
17
Suppose 2*h - s = -1, 3*h - 11 = -0*h - s. Suppose -g = -q - 122, 3*g + h*q - 182 = 194. Let m = -86 + g. Calculate the highest common factor of 19 and m.
19
Let z be 8343*(-1 - 13/(-3)). What is the highest common divisor of z and 135?
135
Suppose 4*u = m + 117 + 11, u + 5*m - 11 = 0. Let k be (-3*19)/(u/(-93)). What is the greatest common divisor of 18 and k?
9
Let l = -22088 + 22101. What is the highest common factor of l and 1573?
13
Let y(k) be the second derivative of k**4/2 - 2*k**3 - 209*k**2/2 + 143*k. Let q be y(-11). What is the highest common factor of 22 and q?
11
Suppose 0 = f + 11 + 4. Let l(m) = -2*m**2 - 37*m - 20. Let v be l(f). Let j be (-5 - (-52)/12)/((-4)/102). Calculate the greatest common divisor of j and v.
17
Let h(m) = m**3 - 133*m**2 - 129*m - 649. Let c be h(134). Calculate the highest common divisor of c and 11109.
21
Let l(d) = 254*d + 124. Let v be l(4). Calculate the greatest common divisor of 1080 and v.
60
Suppose 31*k = 70 + 364. Let s be (945/k)/(-15)*(0 + -2). Calculate the greatest common factor of 225 and s.
9
Let u be -1 - 3 - ((-24 - -13) + -7705). Calculate the greatest common factor of 32 and u.
32
Let b = -21 - -47. Suppose 4*k = f + 426 + 94, 2*k - 260 = 5*f. Calculate the highest common divisor of b and k.
26
Suppose 2*m + 0*m = -2*i + 26, 4*i = 3*m - 18. Suppose 5*n = k + 14 + 9, 0 = -2*n + 8. Let s be 2*(k/6 - -3)*4. What is the highest common factor of s and m?
10
Let i(n) = -811*n - 2366. Let a be i(-3). Calculate the greatest common divisor of 21239 and a.
67
Let d be 3 - (-2 + 1 + 2). Suppose -d*f - 165 = -5*f. Let h = f - 53. Calculate the greatest common factor of h and 8.
2
Let n be ((-1944)/240)/(-27) + 4437/10. Calculate the greatest common divisor of n and 384.
12
Suppose -4*v + 129100 = 4*t, 5*t - 34417 - 126966 = -3*v. Calculate the highest common divisor of 191 and t.
191
Suppose -156 = m - 3*m + 5*p, 3*p + 216 = 3*m. Let w = 2465 - 2414. What is the highest common factor of w and m?
17
Let q(t) = -t**3 - 14*t**2 + 92*t - 47. Let h be q(-19). Calculate the greatest common factor of h and 110.
10
Suppose x + 43 = v, -45*v = -46*v - 4*x + 3. What is the greatest common divisor of 1350 and v?
5
Suppose -18*h + 14*h + 3*m + 848 = 0, -5*h - 5*m = -1095. Calculate the highest common divisor of h and 2322.
43
Suppose 0 = 13*u + 41305 - 41383. Let l be 26 - 1 - (1 - 0). Calculate the greatest common factor of l and u.
6
Let r(f) = f**3 - 8*f**2 - f + 7. Let d be r(8). Let p be (-45)/(-9) + 296 + (-2 - d). Calculate the greatest common factor of 12 and p.
12
Let v(d) = -3*d - 5. Let m be v(-2). Suppose 91 = 2*g + m. What is the highest common divisor of 120 and g?
15
Let a be -7 + (0 + -4 - -4). Let j be 18/a + 6/(-14) - -21. Calculate the highest common divisor of j and 14.
2
Suppose -2*p = -4*i - 432, 4*i + 3*p + 440 = p. Let x = 139 + i. What is the highest common divisor of 12 and x?
6
Let l = 487 + -459. Calculate the greatest common factor of l and 294.
14
Suppose 880*z = 874*z + 2346. Let m be 8/(-36) + -2 + 346/18. Calculate the greatest common factor of z and m.
17
Let r(l) = l**2 + 22*l - 439. Let b be r(-38). What is the highest common factor of 13 and b?
13
Let n = 36 + -6. Suppose -3*x = -3*z + 5*z - n, 5*x = -5*z + 85. Calculate the highest common factor of z and 63.
21
Let z be 2/11 + 5504/704. Let c(n) = n**3 - 5*n**2 - 22*n + 26. Let h be c(z). Calculate the greatest common divisor of 546 and h.
42
Let y(d) = -d**3 + 3*d**2 + 7*d + 3. Let h be y(-5). Let k = -10073 - -10097. Calculate the highest common divisor of h and k.
24
Let b(m) be the first derivative of 3*m**3 + m**2/2 + 5*m + 4. Let x be b(-5). Let j = -2654 + 2744. What is the highest common factor of x and j?
